Give t(-50).
-3
Let h(y) = -9296*y - 37186. Calculate h(-4).
-2
Let g(z) = -3*z + 1061. Give g(48).
917
Let k(i) = -3*i**3 - 63*i**2 + 2838*i + 38. Give k(-43).
38
Let f(v) = 365*v + 17392. Give f(-48).
-128
Let l(q) = q**2 - 3503*q - 21054. What is l(-6)?
0
Let n(c) = -151*c - 2111. Determine n(-17).
456
Let u(r) = -3363*r - 524585. What is u(-156)?
43
Let q(o) = 361*o**3 + 6493*o**2 - 108*o - 325. Calculate q(-18).
-1
Let i(s) = 642*s - 1309. Give i(1).
-667
Let q(x) = 2*x**3 + 49*x**2 + 139*x - 3. Determine q(-23).
-1613
Let m(w) = w**2 - 2723*w - 241514. What is m(-86)?
60
Let t(y) = 17*y**3 + 35*y**2 - 141*y + 6. Calculate t(5).
2301
Let x(c) = c**3 - 253*c**2 - 2910*c + 1573. Determine x(264).
-11
Let a(v) = 6*v**2 - 4304*v - 38831. Calculate a(-9).
391
Let s(u) = 6*u**2 + 1396*u - 2482. Determine s(-234).
-610
Let g(a) = -8*a**2 + 1221*a - 44620. Give g(92).
0
Let o(w) = 58*w**3 + 1454*w**2 + 110*w - 24. Determine o(-25).
-274
Let a(m) = 8*m**3 + 585*m**2 - 7306*m + 173. What is a(-84)?
5
Let w(j) = -j**3 + 41*j**2 + 175*j - 206. What is w(45)?
-431
Let a(v) = 2*v**3 - 66*v**2 + 100*v + 351. What is a(31)?
-393
Let l(r) = -1125*r - 61882. Determine l(-55).
-7
Let t(u) = 5*u**3 - 21*u**2 + 30*u + 102. Determine t(6).
606
Let n(s) = 76672*s + 536843. What is n(-7)?
139
Let d(q) = q**2 - 194*q - 130346. Determine d(-277).
121
Let f(c) = -947*c + 16336. Calculate f(17).
237
Let t(c) = -12*c**3 + 2160*c**2 - 6*c + 796. Give t(180).
-284
Let l(k) = -2*k**2 + 274*k - 144. Determine l(139).
-700
Let u(y) = 13*y**2 - 277*y - 665. What is u(23)?
-159
Let d(q) = -q**3 - 47*q**2 - 197*q + 68. Determine d(-5).
3
Let d(a) = 6*a**2 - 2646*a + 245737. Calculate d(133).
-47
Let i(p) = 2850557*p + 11402259. What is i(-4)?
31
Let l(k) = -22*k**2 - 3*k + 87. Give l(-9).
-1668
Let t(y) = 2*y**3 + 101*y**2 - 58*y + 60. Calculate t(-51).
417
Let j(s) = -145*s + 4861. Calculate j(32).
221
Let x(p) = -286*p - 3182. Give x(-9).
-608
Let k(b) = 319*b + 24487. Calculate k(-70).
2157
Let k(u) = -u**3 + 29*u**2 - 6368*u + 156705. Calculate k(25).
5
Let m(t) = 3764*t - 7787. Calculate m(2).
-259
Let t(v) = 219204*v - 7014540. Calculate t(32).
-12
Let a(w) = w**3 - 6*w**2 + 131*w + 1218. What is a(-6)?
0
Let l(w) = -954*w**2 - 49608*w + 19. Calculate l(-52).
19
Let x(s) = -s**2 + 1782*s - 147510. What is x(87)?
-45
Let z(k) = -2*k**2 + 131*k + 50327. Give z(-129).
146
Let w(d) = 113*d**2 - 32*d - 21. What is w(2)?
367
Let h(g) = -g**2 - 3442*g - 411437. Give h(-124).
-5
Let f(b) = 46*b**2 - 2885*b - 123. What is f(63)?
696
Let p(t) = -4*t**2 - 238*t + 214. What is p(-65)?
-1216
Let f(p) = -2*p**2 + 49737*p + 149235. Calculate f(-3).
6
Let w(q) = 843*q + 496510. What is w(-589)?
-17
Let m(b) = -418*b - 3881. Calculate m(-9).
-119
Let d(i) = 471943*i + 3303590. Determine d(-7).
-11
Let v(r) = r**3 + 17*r**2 - 33287*r - 565864. What is v(-17)?
15
Let x(b) = 5*b**2 + 25240*b - 201988. Give x(8).
252
Let s(r) = 3*r**3 + 146*r**2 - 1186*r + 2576. Calculate s(-56).
0
Let l(c) = c**3 + 56*c**2 + 626*c - 10. Give l(-39).
1433
Let g(m) = -550*m - 3546. Calculate g(-8).
854
Let p(b) = -620061*b + 7440746. What is p(12)?
14
Let l(r) = 2*r**2 - 116*r - 4382. Calculate l(82).
-446
Let w(d) = d**3 + 7634*d**2 + 4143047*d - 599. What is w(-588)?
-11
Let u(a) = a**2 + 1505026*a - 13545311. Calculate u(9).
4
Let a(o) = 9354*o + 3779004. What is a(-404)?
-12
Let a(q) = 8*q**2 - 317*q - 292. Give a(41).
159
Let r(j) = -j**3 - 59*j**2 + 3757*j + 221661. What is r(-59)?
-2
Let m(o) = -o**2 - 159*o + 151683. Give m(-477).
-3
Let d(a) = -8487*a + 3920956. What is d(462)?
-38
Let z(s) = -426*s + 1655. What is z(4)?
-49
Let a(h) = h**3 - 105*h**2 + 150*h - 184. What is a(0)?
-184
Let y(p) = 4*p**2 + 70*p - 1170. Give y(14).
594
Let n(s) = -192*s - 16500. Give n(-86).
12
Let x(d) = 1191*d - 51678. Calculate x(43).
-465
Let u(f) = -339*f - 13539. Calculate u(-39).
-318
Let b(o) = -o**2 + 278*o - 17253. Give b(94).
43
Let r(c) = -c**2 + 855*c + 74105. Give r(-79).
319
Let r(y) = 6*y**2 - 311*y + 442. What is r(50)?
-108
Let o(h) = -h**3 - 5561*h**2 - 11147*h - 59. Determine o(-2).
-1
Let t(n) = n**3 - 247*n**2 + 546*n - 13719. Calculate t(245).
1
Let v(u) = 18543*u - 1854279. Determine v(100).
21
Let k(v) = v**2 - 378*v + 6732. Calculate k(19).
-89
Let n(r) = 20*r**2 - 680*r + 51. What is n(34)?
51
Let k(x) = 245*x**2 + 10765*x - 610. Give k(-44).
50
Let v(o) = -236*o**2 - 1532*o + 1530. What is v(1)?
-238
Let f(a) = 2625*a - 15621. What is f(6)?
129
Let j(g) = 288017*g + 575991. What is j(-2)?
-43
Let u(m) = 4942*m + 24708. Determine u(-5).
-2
Let s(y) = -y**3 - 107*y**2 + 10027*y + 1079. Calculate s(-167).
-90
Let p(r) = 173*r - 2279. Determine p(13).
-30
Let h(z) = -111*z - 11643. Determine h(-104).
-99
Let s(h) = -13*h**2 + 445*h + 1914. What is s(40)?
-1086
Let x(c) = 28*c**2 - 170*c + 712. Give x(4).
480
Let r(p) = -8*p**3 + 36*p**2 + 121*p - 293. Determine r(6).
1
Let i(f) = -750*f**2 - 34496*f + 28. Calculate i(-46).
-156
Let j(w) = w**2 + 264*w + 9357. Give j(-42).
33
Let l(a) = -5*a**2 + 561*a + 24679. Calculate l(146).
5
Let b(l) = 61*l**2 + 3483*l - 22674. Calculate b(-63).
6
Let d(a) = -60*a**2 - 725*a - 2167. What is d(-3)?
-532
Let k(g) = -1271*g - 8001. Give k(-8).
2167
Let q(v) = v**2 - 64*v - 4812. What is q(102)?
-936
Let t(m) = 47669*m - 47890. What is t(1)?
-221
Let g(k) = -120043*k - 12964646. Determine g(-108).
-2
Let t(v) = 6*v**2 - 4855*v - 63049. Determine t(-13).
1080
Let f(l) = -l**3 - 4*l**2 - 77*l - 216. Give f(-3).
6
Let o(l) = -402*l + 14789. Give o(42).
-2095
Let q(w) = w**3 + 45*w**2 - 2058*w - 37. Calculate q(28).
-429
Let q(j) = -222*j + 7768. Calculate q(35).
-2
Let n(v) = 25651*v - 333473. Give n(13).
-10
Let i(x) = 9*x**3 + 242*x**2 + 1035*x - 1619. Determine i(-21).
19
Let y(t) = -64*t + 618. Determine y(6).
234
Let u(d) = -8*d**2 - 1526*d + 85393. Determine u(-236).
-39
Let p(n) = 67*n**2 + 34197*n - 20444. What is p(-511)?
-4
Let m(n) = -3*n**2 + 1174*n - 163. Give m(0).
-163
Let l(s) = 2*s**3 + 29*s**2 + 89*s - 122. Give l(-7).
-10
Let t(o) = -2*o**3 - 2629*o**2 + 72431*o + 271. Give t(27).
1
Let c(h) = -35636*h + 35626. Determine c(1).
-10
Let a(q) = 211388*q - 8666938. Give a(41).
-30
Let v(p) = p**3 - 22*p**2 + 61*p - 1547. Determine v(22).
-205
Let u(f) = -9309*f**2 - 754037*f - 649. Determine u(-81).
-1
Let x(j) = -j**3 + 555*j**2 - 1117*j + 6039. What is x(553)?
-44
Let c(h) = 417604*h + 10440084. Calculate c(-25).
-16
Let p(q) = 6*q**2 - 1064*q - 32644. Determine p(204).
-4
Let r(x) = -x**3 - 129*x**2 + 249*x - 1576. Determine r(-131).
127
Let o(f) = 2*f**3 + 50*f**2 + 197*f - 490. Determine o(-17).
785
Let k(p) = -3*p**3 - 6*p**2 - 279*p + 1820. Give k(5).
-100
Let l(n) = 28*n - 1125. What is l(39)?
-33
Let f(d) = -d**3 - 5*d**2 + 27*d - 273. Calculate f(-10).
-43
Let r(z) = 7*z**2 + 110*z - 626. What is r(-19)?
-189
Let u(p) = -p**3 + 665*p**2 + 62330*p - 184003. What is u(748)?
5
Let m(t) = t**3 - 22*t**2 + 95*t - 644. Determine m(26).
4530
Let y(c) = -94*c**2 + 449*c - 306. Calculate y(4).
-14
Let o(v) = -v**3 - 24*v**2 - 2811*v - 78347. Calculate o(-27).
-263
Let h(q) = -q**3 - 167*q**2 + 1243*q + 4337. Determine h(-174).
-13
Let j(v) = 3*v**3 - 3*v**2 + 108*v + 7. Determine j(0).
7
Let c(g) = -8727*g - 43681. Determine c(-5).
-46
Let u(y) = y**3 + 71*y**2 - 76*y - 458. Determine u(-72).
-170
Let j(m) = m**3 - 12*m**2 - m - 134. Give j(12).
-146
Let j(c) = c**3 + 57*c**2 - 49*c - 206. Calculate j(-58).
-728
Let o(m) = 7*m**2 + 583*m + 141. Give o(-78).
-2745
Let n(a) = -2*a**2 + 7264*a - 2214940. What is n(336)?
-28
Let d(w) = -3*w**3 - 30*w**2 + 434*w + 4310. Determine d(-12).
-34
Let m(y) = -y**3 + 60*y**2 - 250*y + 1652. Determine m(56).
196
Let r(q) = -89*q + 283. Determine r(6).
-251
Let m(b) = -9*b**3 - 130*b**2 - 49*b + 108. What is m(-14)?
10
Let o(j) = -52*j - 10892. Calculate o(-211).
80
Let x(n) = -2122*n + 69990. Give x(33).
-36
Let p(k) = 7531*k - 105425. Calculate p(14).
9
Let t(w) = -2063*w**3 - 16513*w**2 - 69*w - 31. Calculate t(-8).
-55
Let r(m) = m**2 - 5517*m + 5114501. Give r(1179).
-1
Let u(x) = -55*x**2 - 246*x - 487. Calculate u(-2).
-215
Let z(r) = r**3 + 31*r**2 + 353*r + 11695. Calculate z(-31).
752
Let v(d) = 